Suppose -2*z = 3*z - k. List the prime factors of z.
2, 13
Let z(k) = -k**2 + 13*k - 7. Let x = 41 - 5. Suppose p - 4*d - x = -p, 40 = 2*p - 5*d. What are the prime factors of z(p)?
23
Let j(k) = 1. Let f(o) = -o - 1. Let p(n) = -2*f(n) - 3*j(n). Let z be p(3). Suppose 6 + 14 = z*v. List the prime factors of v.
2
Suppose 2*v + 2*l - 2066 = 0, -v - 2*v - l + 3099 = 0. List the prime factors of v.
1033
Suppose -30 = -3*b - 12. Let f(x) = 0*x**2 + 2*x**2 - x**2 - 2*x - b*x - 1. List the prime factors of f(10).
19
Let m = 3 - 9. Let p be m/(-9) + (-42)/(-18). Suppose p*h = h + 8. What are the prime factors of h?
2
Suppose 0 = 2*b + 5*m - 704, 2*b - 4*b + 668 = -4*m. What are the prime factors of b?
2, 3, 19
Suppose -3*d - 5*y + 26 = 0, -5*d - 2*y + 22 = y. Suppose -67 = -d*f + 155. List the prime factors of f.
3, 37
Suppose -3*z + 3*a = -2*z, 2*a = 4. Suppose 49 = q - z*w + 3*w, -q = w - 53. What are the prime factors of q?
2, 13
Let y be (-2)/13 - (-67)/13. Suppose 2*w - 1 = -y*n + 21, 4*w = -3*n + 16. Let u(g) = -g**3 + 4*g**2 + g - 1. What are the prime factors of u(n)?
3
Suppose v = 2, 2*c - c = -4*v + 145. Suppose -2*l - 4*g = -276, c = l - g + 4*g. Suppose -x = -6*x + l. What are the prime factors of x?
2, 7
Suppose 5*m - 3*c - 38 = c, -5*c - 10 = 0. What are the prime factors of 65 + (m - (-8)/(-2))?
67
Let q(c) = c**3 + 18*c**2 - 26*c + 13. What are the prime factors of q(-19)?
2, 73
Let u(i) = 4 - 10*i**2 + 2*i**2 - 14*i + 13*i + 4*i**3. List the prime factors of u(4).
2
List the prime factors of ((-392)/(-24))/(3/711).
7, 79
Let k(u) = 28*u - 4. Let i(z) = -6*z + 7. Let h be i(3). Let t(o) = 14*o - 2. Let g(f) = h*t(f) + 6*k(f). What are the prime factors of g(3)?
2, 5
Let r(c) = -c**2 - 10*c - 16. Let b be r(-8). Let a(l) = l + 73. List the prime factors of a(b).
73
Suppose 11*t + 9*t - 28840 = 0. What are the prime factors of t?
2, 7, 103
Let f = 208 + 1292. List the prime factors of f.
2, 3, 5
Let p = 1348 - 745. Suppose 0 = -14*h + 5*h + p. What are the prime factors of h?
67
Let l(f) = f**3 - 6*f**2 + f + 3. Let y be l(5). Let i = 48 + y. Let b = 60 - i. List the prime factors of b.
29
Let h = -29 + 28. Let s = h - -10. What are the prime factors of s?
3
Let b(j) = -5 + 5*j**2 + j + 6*j**2 - 2*j + j**3. Let d be (-14 - -3)/(2 + (2 - 3)). List the prime factors of b(d).
2, 3
Let d be (-4)/(-2) + (1527 - (-15)/5). List the prime factors of 2 + (-2)/(-7) + d/28.
3, 19
List the prime factors of (62/(-6))/(10/(-330)).
11, 31
Let h(f) = 169*f**2 - 4*f - 10. Let j be h(-2). Suppose -j = -11*w + 833. List the prime factors of w.
137
Let g = 2906 - 1372. List the prime factors of g.
2, 13, 59
Let v = -46 + 48. Suppose v*a = 9*a - 392. List the prime factors of a.
2, 7
What are the prime factors of (3/4)/((-120)/(-704800))?
5, 881
Suppose 0 = 2*d + 6*z - z - 384, -4*d = -2*z - 816. List the prime factors of d.
2, 101
Suppose -11537 + 3857 = -20*a. What are the prime factors of a?
2, 3
Suppose 58*s = 3*m + 63*s - 6071, -5*s - 25 = 0. List the prime factors of m.
2, 127
Let l(v) = 6*v - 3. Let b be l(-2). Let c = b - -7. Let a = -3 - c. What are the prime factors of a?
5
Let g = 3 - 8. List the prime factors of 6/(g + 3) + 27*6.
3, 53
Let g(o) = 1099*o**2 - 15*o + 16. What are the prime factors of g(1)?
2, 5, 11
Let k = 736 + -405. List the prime factors of k.
331
Let x = 41 + -41. Let c(j) = j**2 + j + 87. What are the prime factors of c(x)?
3, 29
Let j = 593 - 245. What are the prime factors of j?
2, 3, 29
Let b(f) = -f**2 + 4*f + 3. Let q be b(-4). Let g = q + 39. List the prime factors of ((-704)/110)/((-1)/g).
2
Let u(z) = 2*z. Let f be u(-3). Let h = 2 - f. What are the prime factors of h/40 + (-48)/(-10)?
5
Let z(v) = 13*v - 1 - 31*v**2 - 5*v + 30*v**2. Let c be z(8). Let b(d) = 29*d**2 + 2*d + 1. What are the prime factors of b(c)?
2, 7
Let b = -5905 - -10047. List the prime factors of b.
2, 19, 109
Let t be (12/(-15))/(126/(-30) - -4). Let x(d) be the second derivative of 7*d**3/6 - 3*d**2 - d. What are the prime factors of x(t)?
2, 11
Let s = -2910 - -4308. List the prime factors of s.
2, 3, 233
Suppose 0 = -12*y + 4*y - 2192. Let r = y + 471. List the prime factors of r.
197
Let r be (-15)/10 - (-5)/(-2). Let j(k) = 4*k**2 + k - 2. List the prime factors of j(r).
2, 29
List the prime factors of -9 + 8 + 943*(-1 + 2).
2, 3, 157
Let r = -15 + 107. Suppose -4*d - 3*y = -190, 4*d = 2*y - 3*y + 186. Suppose 0 = 3*c - r - d. What are the prime factors of c?
2, 23
Let m(z) = -32*z - 2. Suppose -4*b + 2*q + 20 = 3*q, 0 = -3*q. Suppose -10 = 5*d - b. What are the prime factors of m(d)?
2, 3, 5
Let t = 296 + -163. What are the prime factors of t?
7, 19
List the prime factors of ((-2166)/8)/((-7)/(448/3)).
2, 19
What are the prime factors of (5 - (-80)/(-15))/(2/(-1158))?
193
Let q = 480 + -152. What are the prime factors of q?
2, 41
Let a(t) = t**3 + 17*t**2 - t - 35. Let b be a(-16). Let m = 386 - b. What are the prime factors of m?
149
Let n = -32 + 35. Suppose 0 = -n*f + 485 - 41. What are the prime factors of f?
2, 37
Suppose -r = 5*s - 918, 79 = 3*s + r - 471. What are the prime factors of s?
2, 23
Let i = 99 + 68. What are the prime factors of i?
167
Let z(q) = q**3 - 2*q**2 + 1304. What are the prime factors of z(0)?
2, 163
Suppose -t + 4*a = 2*t, -5*a = 4*t. Suppose t = -5*k + 84 + 286. What are the prime factors of k?
2, 37
Let n(j) = -j - 4. Let f be n(-8). Let a = f - -8. Let p = 26 - a. List the prime factors of p.
2, 7
Let i be 12*((-12)/9 - 0). Let k be 227/15 + i/120. Let d = k - -10. What are the prime factors of d?
5
Let i(o) = o + 1. Let y be i(1). Suppose 0*l - 8 = -y*l. Suppose l*x - 40 = 20. List the prime factors of x.
3, 5
Let t be (-5 + 9)/(-1 + 3). List the prime factors of (t/6)/((-10)/(-300)).
2, 5
Let o be (-1)/((0 - -1)/(-2)). Let m be -3*1*-2*406/(-28). List the prime factors of (-3)/o + m/(-6).
13
Let v = -1325 - -1865. List the prime factors of v.
2, 3, 5
Let b be 16/4*1/2. Let d(y) be the first derivative of 3*y**4/4 - y**3/3 - y**2/2 + y + 5. What are the prime factors of d(b)?
19
Let u = 6406 - 3771. What are the prime factors of u?
5, 17, 31
Suppose -5*y + 5*m - 3*m - 205 = 0, -2*y - 83 = -m. Let u = 192 + y. List the prime factors of u.
3, 17
Let d = 477 + 2137. What are the prime factors of d?
2, 1307
Suppose 2*y - 2*x - 410 = 0, -5*x = 2*y - 0*x - 445. Suppose -2*o = -5*f + f - y, 5*o - 2*f - 533 = 0. List the prime factors of o.
107
Let g(i) = 2227*i**3 - i**2 + i + 1. What are the prime factors of g(1)?
2, 557
Suppose 5*t = 4*g + 2*t - 113, -5*g = 3*t - 121. Let c = g - -8. List the prime factors of c.
2, 17
Let b(p) = p**3 + 3*p**2 + 2*p + 2. Let g = 1 - 3. Let i be b(g). Suppose 2*j - 3*j + i = 0. What are the prime factors of j?
2
Suppose -14*z = -6*z + 1568. List the prime factors of (7 - 4)/((-4)/z).
3, 7
Let w(f) = 3*f**2 - f**2 + 7 + 9*f - 13*f. List the prime factors of w(12).
13, 19
Let t = -83 + 86. Suppose -97 = -4*a + 5*k, -2*a + 112 = t*a + 3*k. What are the prime factors of a?
23
Let x(l) = -7*l**2 - l + 1. Let p be x(1). Let j(m) = -3*m - 16. Let h be j(p). Suppose o = 2*b + 2 + 30, h*b + 92 = 3*o. List the prime factors of o.
2, 3
What are the prime factors of ((-4)/(-8))/((-3)/(-8214))?
37
Suppose 3*w - 2*a = -0*w + 614, -a - 4 = 0. List the prime factors of w.
2, 101
Suppose 543 = a + 4*l, -a + 308 = 3*l - 236. List the prime factors of a.
547
Suppose 4*m + 1 = -5*s + 2*s, -13 = 3*s - 2*m. Let d = s + 19. What are the prime factors of ((-24)/d)/((-3)/4)?
2
Suppose 3*x = -3*z + 8720 - 635, -6*z - 3*x + 16182 = 0. List the prime factors of z.
2699
Let s(y) = 14*y + 31. Let b be s(6). Suppose 0 = -q + 10 + b. What are the prime factors of q?
5
Suppose 0 = -4*f + 411 + 33. Let h = 215 + -212. Suppose 12 - f = -h*i. What are the prime factors of i?
3, 11
Suppose 3*u - 6 = 6. Suppose 5*k - 16 = 2*y, 0 = 3*k - u*y - 18. Suppose k*z = -z + 9. List the prime factors of z.
3
Let s = 20 - 18. Suppose -s*h = l - 188, -l = -2*l. What are the prime factors of h?
2, 47
Suppose -2*f + 8*f - 30 = 0. Suppose 2*j = f*n - 78 - 129, -4*n + 188 = 4*j. List the prime factors of n.
43
Suppose -d - 3*c = -1311, 2097 + 1866 = 3*d - c. What are the prime factors of d?
2, 3, 5, 11
What are the prime factors 